Let x be v(5). What is the tens digit of 148 + (90/(-135))/(1/x)?
4
Suppose -255299 = -70*b - 12*b + 1109673. What is the units digit of b?
6
Suppose 4*n = z + 2164, 0 = -3*z + 3*n + n - 6500. Let q = -1290 - z. What is the units digit of q?
8
Let z(l) = -26817*l**3 - 2*l**2 + 125*l + 126. What is the tens digit of z(-1)?
1
Suppose -14 = -r - 27. Let d = r + 86. Let x = d - 31. What is the units digit of x?
2
Let r be -21*56/(-12) - 0. Suppose 0 = 3*a - 18 - 3. Suppose a*l - r = 5*l. What is the tens digit of l?
4
Let q(c) = -8*c**2 + c + 1. Let z(k) = 8*k**2 - k - 1. Let b(o) = -5*q(o) - 4*z(o). Let a be b(-1). What is the tens digit of (3852/16)/9 + 2/a?
2
Let d = 231 - -835. Suppose -5*x = 2*k + 3*k - 2695, -5*k + d = 2*x. Let m = x - 366. What is the tens digit of m?
7
Let j(m) = m**2 + 14*m + 48. Let x be j(-8). Let t be x*((0 - 2) + 7/3). Suppose t = -4*b + 424 + 188. What is the tens digit of b?
5
Let g = -14886 + 23142. Suppose 5*k - 17*k + g = 0. What is the hundreds digit of k?
6
Let h be 5 + -4 + -5 - 1. What is the units digit of (8 - (-105)/(-10))*296/h?
8
Suppose -9*w = -4*d - 10*w + 199, 2*w = -10. Suppose d*k + 2598 = 57*k. What is the tens digit of k?
3
Let q(f) = f**2 - 4*f. Let u be q(7). Suppose -19*l = -u*l + 8. Suppose 5*p - 117 = l*p. What is the units digit of p?
7
Let g(r) = 26*r + 10. Let s(j) = 5*j + 2. Let n(f) = 3*g(f) - 16*s(f). Let t be n(-7). What is the units digit of (t + -36)*1/(-3)?
8
Let q(c) = -17*c**2 + 34*c - 13. Let w(o) = -15*o**2 + 34*o - 15. Let v(x) = 6*q(x) - 7*w(x). What is the hundreds digit of v(24)?
9
Let b = -375 + 377. Suppose 467 = b*s - k - 579, -2*s + 4*k = -1046. What is the tens digit of s?
2
Let x = 1810 - -3964. What is the tens digit of x?
7
Let j(b) = -4*b**2 - 31*b - 265. Let c be j(-16). What is the units digit of (c/(-130))/(3/30)?
1
What is the hundreds digit of (10/15)/((-98)/21) - (-2211220)/77?
7
Let l(y) = -y**2 + 1. Let q(u) = -3*u**2 - 21*u - 16. Let r(t) = 2*l(t) - q(t). Let f be r(-20). What is the units digit of (75/f)/((-15)/(-18) + -1)?
5
Let b = -31 + 34. Suppose b*c = 3 + 6. Suppose 3*m + 159 = 2*n + n, -c*n - 2*m = -154. What is the units digit of n?
2
Let l(v) = 5*v + 47. Let w be l(13). Let i be (13/2 + 1)*(-378)/(-15). Let b = i - w. What is the tens digit of b?
7
Suppose 73*t - 20821 - 173974 = 123996. What is the tens digit of t?
6
Let g(d) = d**3 + 6*d**2 - 3*d - 12. Let k be (-2 + 8/6)*9. Let i be g(k). Suppose -24 = -y - i. What is the units digit of y?
8
Let b(g) = 73*g**2 - 24*g + 324. What is the hundreds digit of b(13)?
3
What is the tens digit of -8698*1*-1 - (35/7 + -7)?
0
Let f be (-21)/126 - 25/(-6). Suppose 12 = -f*s, -4*g - 2*s = -s - 1497. What is the units digit of g?
5
Suppose -10*d + 4*d + 30 = 0. Suppose 0*l = 3*h - 5*l - 557, d*h = l + 943. What is the tens digit of h?
8
Let w(y) = -36*y - 5. Let p(s) = -112*s - 16. Let q(v) = -v. Let x(d) = p(d) - 5*q(d). Let o(h) = -8*w(h) + 3*x(h). What is the units digit of o(-4)?
4
Let j = -136 + 844. Let z = -253 + j. What is the hundreds digit of z?
4
Suppose -3*r + 3 = 0, -2*r - 10014 - 2364 = -2*n. What is the units digit of n?
0
Let j = -27691 + 53262. What is the thousands digit of j?
5
Let i(o) = -o**3 + 34*o**2 + 13*o + 172. What is the tens digit of i(24)?
4
Suppose 0 = -b + 4*b + 8*b. Suppose 25 = 2*l + 3*l. Suppose l*u - 248 - 277 = b. What is the tens digit of u?
0
Suppose -102*n + 192649 + 89279 = 0. What is the thousands digit of n?
2
Let i(o) = 2*o**2 + o + 41001. What is the hundreds digit of i(0)?
0
Let f(d) = -761*d - 1553. What is the units digit of f(-8)?
5
Let f = -28 - -27. Let z be f + -2 + 5 - -5194. What is the tens digit of z/54 + (-2)/9?
9
Let c = -16033 - -24449. What is the hundreds digit of c?
4
Suppose 0 = 41*r - 51*r. Suppose r = 22*k + 3390 - 11200. What is the hundreds digit of k?
3
Suppose -5*i + 131 = -1169. Suppose -m + 2535 = 2*b, -b - i + 1505 = 5*m. What is the tens digit of b?
7
Let w(q) = 7*q - 191. Let i be w(49). Suppose -153*u + 158 = -i*u. What is the tens digit of u?
5
Suppose 98*k = 44*k + 264654. What is the thousands digit of k?
4
Let m(x) = -1043*x - 240. What is the thousands digit of m(-4)?
3
Let v(f) = -699*f + 8937. What is the hundreds digit of v(-13)?
0
Suppose 23 = 4*a + 15. Suppose -s - 2*s = a*s. Suppose s = -6*x + 809 + 247. What is the hundreds digit of x?
1
Let m = -588 + 10287. What is the thousands digit of m?
9
Let f be (1067/(-4) - -4)*8. Let w = -325 - f. What is the thousands digit of w?
1
Let x(q) be the first derivative of -q**4/4 - 8*q**3/3 - 21*q**2/2 + 5*q + 32. What is the units digit of x(-10)?
5
Let b be (((-91)/(-2))/13)/(1/(-2)). Let l = 20 + -5. What is the hundreds digit of (35/l)/b*-426?
1
Suppose 125*h - 121*h = 3*w + 68111, -34063 = -2*h - w. What is the thousands digit of h?
7
Let q(a) = -2*a**3 - a**2 + 3. Let n be q(0). Suppose -n*z - 162 = -4*z. Let m = -103 + z. What is the tens digit of m?
5
What is the ten thousands digit of 5508*2 - (11 - (-3 + (-91)/(-7)))?
1
Let n(m) = -6*m - 241. Let w be n(-39). What is the tens digit of (7 + 480/(-5))*w?
2
Let r = -1 + 3. Suppose 3*j = -2*t - r, 4*t = -2*j + 2 + 2. Let p(i) = 14*i**3 + 3*i**2 - 2*i - 2. What is the units digit of p(t)?
8
Suppose 17*l = 29*l + 3876. Let q = l - -669. What is the units digit of q?
6
Let i be -1 + -1 + 5/(-5). Let y(j) be the first derivative of 2*j**3 + j**2/2 + j - 23. What is the units digit of y(i)?
2
Let d = 120 + -95. Suppose 0 = r + 3*r - j + 5, 5*j = d. What is the units digit of ((3 - r - 6) + 4)*71?
1
Suppose -32*k + 230 = -37*k. Let d = k - -32. What is the tens digit of (-4)/d + 6062/49 + -6?
1
Let p(n) = -12*n - 66. Let g be p(-12). Let l = 86 - g. What is the tens digit of (-1)/((l/(-32))/((-53)/(-2)))?
0
Suppose 0 = -4*d + 5*p - 4447, -5*p + 12 = -3. Let m = -649 - d. What is the hundreds digit of m?
4
Let s be (-6)/(-57) + 3498/(-19). Let v = s - -286. What is the units digit of v?
2
Let p(u) = -129*u - 2808. What is the tens digit of p(-47)?
5
Suppose -3*b - 2*p + 16625 = 0, b - 42*p - 5551 = -45*p. What is the tens digit of b?
3
What is the tens digit of ((-321)/(-5))/((-312)/(-36920))?
9
Let o(i) = -4*i - 23. Let k be o(-22). Suppose 3*u - 1137 = -4*r, u - 919 + k = -3*r. Let l = r - 138. What is the units digit of l?
7
Suppose -149*k + 148*k + 14927 = 0. What is the ten thousands digit of k?
1
Suppose -12*a = 5 - 65. Suppose 0 = -8*r + 3*r, -1340 = -4*m - a*r. What is the tens digit of m?
3
Let a(x) = -x**3 - 12*x**2 - 11*x + 4. Let s be a(-11). Suppose -7*d - s*d = -55. What is the units digit of d?
5
Let o(a) = -9*a**3 - 17*a**2 - 19*a + 6. What is the thousands digit of o(-9)?
5
Let h(i) = 7*i + 5. Let w be h(19). Let f = w + -105. What is the units digit of f?
3
What is the ten thousands digit of (-5542)/5*(-1575)/70?
2
Suppose 3*g - 3*o - 197 = -47, g = -2*o + 38. Let r = -7 + g. Suppose -5*x = w - r, 59 = -3*w + 4*w - 5*x. What is the units digit of w?
9
Suppose 8 + 7 = 5*f. Suppose -f*k = 20 - 29. What is the units digit of (46 - 3)*k*(-4)/(-3)?
2
Let t be (-3*2)/(3/60*8). What is the tens digit of 6/(-36)*t*76/10?
1
Suppose 2*o - 7*s - 28640 = 0, 21*s - 25*s + 57424 = 4*o. What is the hundreds digit of o?
3
Let m = -180 + 141. Let t = 51 - m. What is the units digit of t?
0
Suppose 4*p - i = 2242, -2 - 6 = -4*i. Suppose -4*y + 175 + p = 0. Suppose 42*x - 38*x - y = 0. What is the units digit of x?
6
Let r(h) = -5*h + 0*h**2 + 0*h + 5*h**2 - 12. Suppose -14*v = 69 + 1. What is the units digit of r(v)?
8
Let j(y) = 226*y**2 - 305*y + 17. What is the tens digit of j(9)?
7
Suppose 24858 = 20*c - 171333 + 5331. What is the hundreds digit of c?
5
Suppose 2*b + 13 = 9. Let p be ((-28)/7)/(-4 - b). Suppose 4*v - 80 = -w, 0*v + 2*v + 110 = p*w. What is the tens digit of w?
6
Let s be (-6)/4 + 2 + 40/16. Suppose -s = -0*k + k, 4*f + k + 7 = 0. Let g(c) = -100*c - 3. What is the units digit of g(f)?
7
Suppose -25*r = -20*r - 5. What is the tens digit of r/(9/(-3)) - (-652)/3?
1
What is the units digit of 58476/34 - ((-3213)/289 - -11)?
0
Let b be (86/14 - 1)/(4/42). Suppose -j - 5*j = b. Let h(n) = -n**3 - 8*n**2 + 5*n - 10. What is the tens digit of h(j)?
2
Let v(j) = 62*j + 4142. What is the thousands digit of v(0)?
4
Let